3, 5, 43
Let m(t) = -22*t + 87. List the prime factors of m(-9).
3, 5, 19
Let h(g) = 10*g - 2*g**2 - 3 + 3*g**2 - g - 3. Let l be h(-7). List the prime factors of ((-5)/l)/(2/152).
19
Let x(a) = a**2 + 6*a + 3. Let g be x(-3). Let t = g - -7. What are the prime factors of 26*t/2 - -3?
2
Suppose -5*z - 1 = 2*d, -d + z + 37 = -4*z. Let t be d/(-15)*5/(-1). List the prime factors of (-602)/(-7)*2/t.
43
Suppose -4*c = 24*i - 22*i - 1828, i + 5*c = 902. List the prime factors of i.
2, 461
Suppose -1401 = -5*x - 2*m + 296, -2*x + 673 = -5*m. List the prime factors of x.
3, 113
Suppose g - 416 = -3*n - 2*n, -g = 4. List the prime factors of n.
2, 3, 7
Let w(b) = -b**2 + 6*b - 7. Let d be w(3). Let m be ((-32)/(-4))/(d + 0). What are the prime factors of m - (4/(-1) - 6)?
2, 7
Suppose -29 = -10*y + 61. List the prime factors of y + 1 + 2/2.
11
Suppose 58 = 2*o + 54. Suppose -3*l + 18 = 2*f - 0, -5*l + 31 = 3*f. Suppose -2*q + 7*r - 3*r = 2, -r = o*q - l. What are the prime factors of q?
3
Suppose -4*i - 19 - 29 = 0. List the prime factors of (68/i)/((-2)/36).
2, 3, 17
Suppose -6*u = 2636 - 8792. What are the prime factors of u?
2, 3, 19
Let m(i) be the first derivative of -i**4/4 + 3*i**3 - 6*i**2 + 6*i + 4. List the prime factors of m(6).
2, 3, 7
Let i = -3 - -6. What are the prime factors of 28 + (4 - i)*-3?
5
Let r(y) be the third derivative of -13*y**4/24 + 11*y**3/6 + 8*y**2. List the prime factors of r(-5).
2, 19
Let o(c) = c**2 - 4*c - 3. Let t be o(6). Suppose -5*m = -5*r + t*r - 384, -4*r + 384 = -4*m. List the prime factors of r.
2, 3
Suppose -5*u + 25 = 2*a, -u + 2 = a - 0. Suppose 0 = u*b - 6*b - 158. List the prime factors of b.
2, 79
Let b = -3 + 6. Suppose b*f + i - 16 = 0, -f - 2*i + 12 = f. Suppose 0 = -z + 5*l + 24, 6*l = f*l - 2. List the prime factors of z.
2, 7
Suppose 0 = -13*z + 11*z + 1454. Suppose -269 = -12*b + z. List the prime factors of b.
83
Let d = -1 + 21. Let h be 2/(-10) + (-11)/(-5). Suppose -h*j - 5*i = -22, 4*j = 5*i - 3*i + d. What are the prime factors of j?
2, 3
Suppose k - 2*k + 19 = -3*v, -3 = -3*k. Let t be 100/v + (-2)/6. Let a = t - -31. List the prime factors of a.
2, 7
List the prime factors of -8 + (-11206)/(-6) - (-4)/(-6).
11, 13
Suppose 13370 = 3*k - 2*c, 5*c = 52 - 72. List the prime factors of k.
2, 17, 131
Let h(x) = 2*x**2 - 38*x + 11. List the prime factors of h(22).
11, 13
Suppose 4*c + 2*o + o = 448, 0 = -o. Let d = 235 - c. What are the prime factors of d?
3, 41
Suppose 3*i - 12 = -0*i. Suppose -i*r + 68 = -8*r. Let h = -13 - r. What are the prime factors of h?
2
What are the prime factors of 153/6*(-1960)/(-84)?
5, 7, 17
List the prime factors of ((-7196)/(-2) - 30/5) + -5.
17, 211
What are the prime factors of (5 - 6)*(-2 - -3) - -300?
13, 23
Let w be 9*-2*8/(-6). Let x = 29 - w. Suppose 0*o - x*v - 29 = -o, -2*o + 5*v + 58 = 0. What are the prime factors of o?
29
Suppose 2*d + 0*d = -5*k + 99, -4*k = -3*d - 70. Suppose -k*l + 21*l - 24 = 0. What are the prime factors of l?
2, 3
Suppose 144 = 4*z - 136. Suppose 4*n = -5*y + 274, y = 5*n - 2*n + z. List the prime factors of y.
2, 29
Suppose g - 2*t + 7 = -8, 5*g + 39 = -2*t. Let r be g/(-3)*(-14)/6. Let w = -5 - r. What are the prime factors of w?
2
Suppose -4*n + 5166 + 9149 = 5*v, -3*v - 4*n = -8589. What are the prime factors of v?
7, 409
Let n(p) = -9 + 2 - 9*p - 3*p - p**2 - 2*p. Let s be n(-11). Suppose -4*r = -2*r - s. What are the prime factors of r?
13
Suppose 2*i + 3*j = -503, 4*j + 850 = -3*i + 97. Let l = 421 + i. List the prime factors of l.
2, 3, 29
Let s be 0/(3/(-9)*-3). Suppose -3*o + 2*t + 21 = -s*o, -28 = -4*o + t. What are the prime factors of o?
7
Let f(c) = 3*c**2 - 5*c + 3. Let u be f(2). Let y(z) = -2 + 2 + 8*z + 7. List the prime factors of y(u).
47
What are the prime factors of (-19404)/(-10) + ((-114)/(-15))/(-19)?
2, 5, 97
Let m(f) = -15*f**3 + 2*f**2 - 5*f + 21. What are the prime factors of m(-4)?
1033
Let j be (-5)/(-2)*(-8)/(-5). Suppose j*r - 11 = 245. List the prime factors of r.
2
Let y(r) be the first derivative of r**6/120 - r**5/30 - r**3/3 + 5*r**2 + 6. Let v(f) be the second derivative of y(f). List the prime factors of v(4).
2, 3, 5
Let c(n) = -n**3 + 9*n**2 - 7*n + 4. Let d be c(8). Suppose -2*u - 245 = -3*m, 3*u = -0*u - d. Suppose 6*r - m = 17. What are the prime factors of r?
2
Suppose -6*g - 490 = -4*g. Let w = g - -399. Suppose -z + 3*b + 31 = 0, -4*z - 3*b + w = -0*z. What are the prime factors of z?
37
Let l(z) = 2*z**3 - z**2 - 2*z - 1. Let m(w) = -w**2 + 7*w + 7. Let o be m(8). Let h be l(o). What are the prime factors of 1/(h + (-46)/(-22))?
11
Suppose -5*r - 360 = -q, 0*q - r - 344 = -q. Suppose 5*t - q = -20. Suppose -2*y + t = -0*y. List the prime factors of y.
2
Let c(a) = a**3 - 9*a**2 - 12*a + 3. Let q be c(10). Let j be ((-2)/4)/(2/(-144)). Let i = q + j. What are the prime factors of i?
19
Let g be ((-4)/6)/(2/84). What are the prime factors of (-132)/10*(g/(-8) - 6)?
3, 11
Suppose 4*m = -2*d + 16, -2*m = -m - 2*d + 1. Let a(h) = -9*h**2 + 0*h**2 + 5*h**2 - 4*h**m - 2*h + 1. What are the prime factors of a(-2)?
3, 7
Let u(v) = -4*v - 1. Let k(i) = -17*i - 4. Let s(n) = -2*k(n) + 9*u(n). Let o be s(-2). Suppose w = -o*w + 20. What are the prime factors of w?
5
Let s(o) = 2*o**2 + o + 7. Let j be s(3). Let c be (-8)/j + (-172)/(-14). Suppose 5*u + c = 3*h - 71, h - 3*u - 29 = 0. List the prime factors of h.
2, 13
List the prime factors of 120/(-3 + 1)*(-377)/116.
3, 5, 13
Let z(h) = -h**2 - 1. Let v(p) = 8*p. Let m(l) = v(l) - z(l). Let x be m(-9). What are the prime factors of 84/15*x/4?
2, 7
Let h = -32 - -61. Suppose h = z - 2*n + 4, 4*n - 153 = -5*z. Suppose -b + z = -0*b. What are the prime factors of b?
29
Let k be (-14)/(-4)*(-2 + 6). Let d = 23 - k. What are the prime factors of d?
3
Suppose 0 = 3*x + 3, 4*n + 3 = -5*x - 2. Suppose n = 5*y - 3*y - 4. Suppose -y*j = -j - 26. What are the prime factors of j?
2, 13
Suppose 5*h = -24*h + 31117. What are the prime factors of h?
29, 37
Let m(c) = 33*c + 311. What are the prime factors of m(24)?
1103
Suppose 266 = 5*p - 4. Let x be (p/3)/(1 - 2). Let t = -10 - x. List the prime factors of t.
2
Suppose 5 = -5*d + 10. Suppose -c + 4 - d = u, -10 = -3*u - 4*c. Suppose 0 = 5*q - 203 - u. List the prime factors of q.
41
Let y(t) = 2*t**2 + t - 6. Suppose m - 4*q - 12 + 5 = 0, -m = -2*q - 7. Suppose -3*c - 28 + 1 = -5*s, 0 = 3*s + 4*c + m. What are the prime factors of y(s)?
3, 5
Suppose 12*k - 2869 - 2123 = 0. List the prime factors of k.
2, 13
Suppose z + 6*f - 4*f - 59 = 0, 0 = 2*z - 4*f - 150. Let l = z - 11. What are the prime factors of l?
2, 7
Let o be 135*1 + 2/(-1). Let k = o - -33. List the prime factors of k.
2, 83
Suppose -5*u - 5*g - 249 - 36 = 0, 0 = -3*u + 2*g - 151. Let k = 105 + u. What are the prime factors of k?
2, 13
Suppose -2*n + 30 + 0 = 0. Suppose 5*r = 2*z - 4*z + 39, 0 = 5*z + n. What are the prime factors of (-15)/r*(-16 - 2)?
2, 3, 5
List the prime factors of (2 + -4 - -1)*10164/(-42).
2, 11
Suppose -84*u + 86*u - 618 = 0. List the prime factors of u.
3, 103
Let q = -11 - -88. What are the prime factors of q?
7, 11
Let h(q) = q**2 + 10*q + 26. Let c = -40 - -27. What are the prime factors of h(c)?
5, 13
Suppose -186*x = -200*x + 52444. List the prime factors of x.
2, 1873
Suppose 2 = 3*p - 4. What are the prime factors of (-130)/(p + -4 - (-1 - -1))?
5, 13
Suppose 356 = -3*u - a, 5*u + 600 = -0*a - 3*a. Let s = 301 + u. What are the prime factors of s?
2, 23
Suppose 0 = 6*q + 496 - 1942. Suppose -3*a = a - 3*p - q, -15 = -3*p. List the prime factors of a.
2
List the prime factors of 185/5 - (3 + (-4 - -1)).
37
Suppose -6*a + 18 = -3*a. Suppose 176 = a*h - 2*h + q, 5*h = -4*q + 220. What are the prime factors of (h/10)/(24/60)?
11
Let o = -82 - -80. Let k(f) = -56*f + 3. List the prime factors of k(o).
5, 23
Suppose 0 = 45*z - 38*z - 16002. What are the prime factors of z?
2, 3, 127
Let v be (17 + -12)/(1 - 2). Let a be 3/(-15) + (-1151)/v. Suppose -a = 9*n - 14*n. What are the prime factors of n?
2, 23
Let q(w) = 3*w - 12. Let s(j) = j**2 + j + 8. Suppose 4*d = -4*i + 4, 6*d - 2*i = 2*d - 2. Let g be s(d). What are the prime factors of q(g)?
2, 3
Let a = 3 + -1. Suppose 3*v = 6 + 6, 3*h + a = 2*v. Suppose 0 